t i be s(3). Let c = 3 - i. Suppose -76 = -4*g - 2*v, -5*g + 4*v - c + 96 = 0. Calculate the remainder when g is divided by 10.
9
Let x(s) = 2*s - 6. Let g be x(5). Suppose 0*y + 4*y + 88 = g*u, -5*u + y + 130 = 0. Calculate the remainder when 107 is divided by u.
26
Let w = 13 + 6. What is the remainder when 21 is divided by w?
2
Suppose z = 5*p - 52, -2*z = -1 + 5. Let h be 9 + (1 - (3 + -1)). Let k = h + -4. Calculate the remainder when p is divided by k.
2
Suppose -4*q = -7*q + 30. What is the remainder when (532/21)/(4/6) is divided by q?
8
Let o be 10/(1 + 1 + 0). Let f = o + 107. Suppose f = 4*g - 0*g. Calculate the remainder when g is divided by 10.
8
Let q(z) = 3*z**2 + 28*z + 6. Calculate the remainder when q(-13) is divided by 38.
35
Let v(i) = -30 + 5*i + 31 + 6*i. Calculate the remainder when v(4) is divided by 23.
22
What is the remainder when ((-126)/5)/(8/(-20)) is divided by 32?
31
Suppose 0*m - 5*m - 85 = 0. Let b = m - -25. Calculate the remainder when 22 is divided by b.
6
Let q(w) = -w + 2. Let a be q(8). Let u = 8 + a. Suppose -3*h - 1 = -4*h. Calculate the remainder when u is divided by h.
0
Let g(l) = 2*l**2 - l + 4. Suppose -9*j + 436 = -59. What is the remainder when j is divided by g(3)?
17
Suppose -5*q = 26 - 111. Let f = q + 4. What is the remainder when 81 is divided by f?
18
Let h = 94 - 59. What is the remainder when 139 is divided by h?
34
Suppose -u + 272 = u. Let i = -81 + u. Calculate the remainder when i is divided by 19.
17
Let l(n) = 2*n**2 + 1. Suppose 10*z + 2 = 9*z. What is the remainder when l(z) is divided by 5?
4
Let t = 23 + -15. Suppose -35 = -0*o - 2*o + 3*q, 3*o = 4*q + 54. What is the remainder when o is divided by t?
6
Suppose 2*q - 154 = -5*q. Calculate the remainder when q is divided by 6.
4
Let f(m) = m**2 + 5*m - 6. What is the remainder when 52 is divided by f(3)?
16
Let t be (4 + -1)*1/3. What is the remainder when (3 + (2 - -20))/t is divided by 9?
7
Suppose 0 = -2*n - 3*d + 22, 2*n - 3*d - 33 = -n. Suppose -4*b + 4 = 0, 3*b - 91 = 5*r - 358. What is the remainder when r is divided by n?
10
Let t(s) = -s**3 + s**2 - 5*s - 2. Let z be t(-5). Let x = -97 + z. Let g = -53 + x. What is the remainder when g is divided by 12?
11
Let t = 8 + -6. Suppose 2*f + x - 24 = 0, 7*x = -2*f + t*x + 40. What is the remainder when 37 is divided by f?
7
Suppose 0*t - 4 = -4*t. Let m(u) = t - 5*u + 4 - 2 + 2*u. Calculate the remainder when m(-6) is divided by 11.
10
Suppose -d = 2*d + 6. Let r = 7 - d. Suppose 19 = i - r. What is the remainder when i is divided by 10?
8
Let y(s) = -s**3 - 21*s**2 - 23*s + 24. Calculate the remainder when y(-20) is divided by 17.
16
Suppose -13*h = -9*h - 76. Calculate the remainder when h is divided by 10.
9
Let a(o) = 17*o**3 - 2*o**2 + o. Let h be a(1). Suppose u - h = -5. Let g = 233 - 214. What is the remainder when g is divided by u?
8
Let a = 250 - 167. What is the remainder when a is divided by 22?
17
Suppose 44*z = 49*z - 300. What is the remainder when z is divided by 16?
12
Let y be 1/(-5) + (-326)/(-5). Let f = 39 - y. Let u = 1 - f. What is the remainder when u is divided by 14?
13
Suppose 0 = -6*o + 7*o - 57. What is the remainder when o is divided by 12?
9
Let b(y) = -7*y. Calculate the remainder when b(-5) is divided by 12.
11
Suppose -4*x - x + 50 = 0. What is the remainder when 17 is divided by x?
7
Let a be ((-2)/(-2))/(3/6). Let s be 7 - (1 - 0) - a. Suppose 33 = j + s*w, j - 3*w = -5*w + 25. What is the remainder when 49 is divided by j?
15
Let u(x) = -x**3 - 15*x**2 + 16*x + 23. What is the remainder when 68 is divided by u(-16)?
22
Let k be (4/(-6))/((-2)/9). Suppose 24 = i + k. Calculate the remainder when 61 is divided by i.
19
Suppose -3*u = 5*p - 69, -4*u - p + 69 = -u. What is the remainder when 114 is divided by u?
22
Suppose -3*u = 9*u - 180. Calculate the remainder when 72 is divided by u.
12
Suppose -27 = 5*y - g, -22 = 4*y - g - 1. Let i = y + 10. Let t = 13 - 3. Calculate the remainder when t is divided by i.
2
Let m(d) be the first derivative of -d**3/3 - 4*d**2 - d - 2. Calculate the remainder when m(-6) is divided by 6.
5
Let x = -105 - -196. What is the remainder when x is divided by 23?
22
Let f be (-2)/(-2) + -3 + 5. Let a = 0 - f. What is the remainder when 7 is divided by -3 + (8 + -3 - a)?
2
Let k be 27/5 + (-12)/30. Suppose -b = -2, k*b - 12 = -g + 8. What is the remainder when 19 is divided by g?
9
Let x(y) = -y**3 + 5 - 4*y**2 + y**2 - y + y**2. Calculate the remainder when x(-4) is divided by 14.
13
Calculate the remainder when -2*(-2 + 1) - -2 is divided by ((-6)/(-4))/(30/40).
0
Suppose -3*b + 6*b - 63 = 0. What is the remainder when ((-1)/(-2))/(17/2040) is divided by b?
18
Suppose 2*s - 4*s = -72. Calculate the remainder when s is divided by 13.
10
Suppose -1 = -y, -2*n + 4*y + 11 = -y. Let z(t) = -t**2 - 4*t + 1. What is the remainder when n is divided by z(-2)?
3
Suppose 0 = 5*v - 5, 4*v - 43 = -a + 2*v. Calculate the remainder when 160 is divided by a.
37
Let y(n) = -n**3 + 5*n**2 + 2*n - 6*n + 10 + 5*n**2 - 3*n. Calculate the remainder when 81 is divided by y(9).
25
Suppose 36 + 43 = f + a, 241 = 3*f + 2*a. What is the remainder when f is divided by 21?
20
Suppose a = 3*h + 13, 5*a - 4*h = -h + 53. Let g = -8 + 14. Let m = g + 0. Calculate the remainder when a is divided by m.
4
Suppose -4*s + 24 + 0 = 0. Let u = 2 - 2. Suppose u*j = 2*j - 22. What is the remainder when j is divided by s?
5
Let i = 34 + -66. Let u = 61 + i. Let t = 6 - -9. Calculate the remainder when u is divided by t.
14
Let n = 16 + 1. Calculate the remainder when n is divided by 7.
3
Let y(o) = 3*o**2 - 11*o + 5. Let m be y(-8). Let a = -31 + 81. Suppose -m + a = -5*v. What is the remainder when v is divided by 24?
23
Let g = 14 - 12. What is the remainder when (2 - -1) + 1*2 is divided by g?
1
Suppose 0*t + 5*t + 25 = 5*v, -v + 5 = -2*t. Let i = -10 - -37. What is the remainder when i is divided by v?
2
Let o be 1/(0 + 1/(-5)). Let c(s) = s**3 - 2 + 7*s**2 - 3 - 8*s + 10*s. What is the remainder when c(o) is divided by 18?
17
Let l = -7 - -12. Suppose 323 + 77 = l*o. Let a = o - 46. Calculate the remainder when a is divided by 12.
10
Suppose 3*t = -4*o - 215, -45 = -5*t - 4*o - 406. Let n = t + 126. Suppose -8 = -h - 2*w + 2, 4*h = 5*w + n. Calculate the remainder when 35 is divided by h.
11
Suppose 178 = 4*r - 282. Calculate the remainder when r is divided by 39.
37
Let m(q) = q + 2. Let r be -2*9/6*-1. Calculate the remainder when 14 is divided by m(r).
4
Suppose 25*m - 29*m - 7 = t, 15 = -5*m. What is the remainder when 3/2*(7 - -1) is divided by t?
2
Let h = 8 + -3. Suppose 0*l + h*m + 15 = 5*l, -2*l + 5*m = -3. Suppose -4*b + 28 = -l. What is the remainder when 14 is divided by b?
6
Let f = 257 - 180. What is the remainder when f is divided by 20?
17
Let u be (4/3)/(16/(-24)). What is the remainder when (u/(-4))/((-1)/(-60)) is divided by 11?
8
Suppose 2*u - 4*u = -96. Suppose -2*m - 2*m + u = 0. Calculate the remainder when 45 is divided by m.
9
Suppose -2*g - g = 0. Let b(j) be the third derivative of -j**6/120 - j**4/24 + 17*j**3/3 - j**2. What is the remainder when b(g) is divided by 12?
10
Let s(l) = -3*l + 4. Let f be s(3). Let t(a) = -2*a**3 - 8*a**2 - 5*a - 4. What is the remainder when t(f) is divided by 24?
23
Suppose -6 = -2*a + g, -5*a + g = -4*g - 15. Suppose a*w - 2 = 7. Suppose -p = -4*p - 5*i - 4, -3*p + i + 8 = 0. Calculate the remainder when w is divided by p.
1
Let l(x) = 2*x + 39. Calculate the remainder when 199 is divided by l(-7).
24
Let d = -20 + 24. Suppose 3*l - 86 = -d*b, 5*b + 159 = 4*l + 3. Calculate the remainder when 100 is divided by l.
32
Suppose -2*o + 5*s + 61 = 0, -3*o + 63 = -o - 3*s. What is the remainder when 164 is divided by o?
32
Suppose 4*d - 8*d - 2*z = -422, 3*d - 4*z = 300. What is the remainder when d is divided by 36?
32
Let d = 3 + 2. Suppose q + 5*h - 54 = 0, -2*q - 3*q + 270 = d*h. Suppose 0 = -4*s - 20, 3*x = -x + 2*s + q. Calculate the remainder when 20 is divided by x.
9
Suppose 0*r + 14 = -5*b + r, 3*r - 12 = 5*b. Calculate the remainder when b/(3 - 144/44) is divided by 6.
5
Let x(z) = -2*z**3 - z**2 + 6*z + 2. What is the remainder when x(-5) is divided by 33?
32
Let c(u) = u**2 - 2